se 6) to base 5
0
What is 100 (base 2) in base 13?
4
What is 29 (base 13) in base 12?
2b
Convert -1 (base 10) to base 13.
-1
What is -20 (base 3) in base 2?
-110
73 (base 12) to base 2
1010111
Convert -5 (base 16) to base 3.
-12
Convert -373 (base 9) to base 14.
-181
Convert 3 (base 15) to base 2.
11
-e (base 15) to base 8
-16
What is -13 (base 16) in base 13?
-16
What is 5 (base 11) in base 4?
11
Convert -12 (base 15) to base 12.
-15
-25 (base 16) to base 13
-2b
What is -6 (base 10) in base 11?
-6
Convert -20 (base 5) to base 4.
-22
102 (base 3) to base 11
10
Convert -3 (base 15) to base 16.
-3
-4 (base 15) to base 10
-4
-4 (base 5) to base 9
-4
Convert -177 (base 9) to base 8.
-227
168 (base 12) to base 4
3200
-14 (base 6) to base 4
-22
-355 (base 10) to base 13
-214
-20 (base 12) to base 13
-1b
What is -50 (base 14) in base 16?
-46
4 (base 7) to base 2
100
22 (base 11) to base 13
1b
3 (base 6) to base 14
3
What is 1101 (base 6) in base 8?
375
2000 (base 3) to base 5
204
-2 (base 6) to base 9
-2
What is -20 (base 3) in base 15?
-6
What is 33 (base 15) in base 12?
40
What is 91 (base 11) in base 7?
202
-23 (base 15) to base 16
-21
What is -1 (base 3) in base 7?
-1
Convert -11 (base 3) to base 4.
-10
What is 4 (base 7) in base 9?
4
Convert 111011 (base 2) to base 11.
54
6 (base 15) to base 9
6
Convert -34 (base 6) to base 16.
-16
-a (base 13) to base 6
-14
What is -10 (base 3) in base 15?
-3
What is -1000 (base 2) in base 4?
-20
Convert 2 (base 5) to base 2.
10
What is a (base 12) in base 5?
20
What is 101 (base 3) in base 2?
1010
What is 154 (base 15) in base 9?
367
-5 (base 16) to base 2
-101
-8 (base 12) to base 13
-8
-54 (base 8) to base 3
-1122
215 (base 6) to base 10
83
Convert 35 (base 11) to base 16.
26
What is -a (base 11) in base 7?
-13
Convert -200 (base 3) to base 14.
-14
Convert -101 (base 2) to base 16.
-5
-2 (base 11) to base 3
-2
Convert -54 (base 7) to base 16.
-27
-11 (base 7) to base 8
-10
What is 224 (base 6) in base 15?
5d
Convert -10 (base 16) to base 9.
-17
Convert 240 (base 5) to base 16.
46
Convert -1110011 (base 2) to base 16.
-73
-3 (base 7) to base 3
-10
Convert -e (base 16) to base 3.
-112
Convert -2 (base 8) to base 11.
-2
What is -25 (base 8) in base 15?
-16
Convert -10101000 (base 2) to base 15.
-b3
7 (base 13) to base 6
11
Convert 215 (base 8) to base 13.
ab
Convert -322 (base 4) to base 5.
-213
Convert -23 (base 7) to base 6.
-25
2 (base 6) to base 10
2
Convert -10 (base 8) to base 2.
-1000
11 (base 5) to base 3
20
What is 11 (base 4) in base 8?
5
1b (base 13) to base 12
20
-101 (base 16) to base 8
-401
24 (base 7) to base 9
20
What is 31 (base 6) in base 2?
10011
What is -b (base 15) in base 6?
-15
What is 7 (base 14) in base 3?
21
12 (base 12) to base 2
1110
-1d (base 14) to base 12
-23
Convert 10 (base 3) to base 5.
3
What is -9c (base 15) in base 11?
-124
Convert 2 (base 13) to base 11.
2
Convert 0 (base 6) to base 14.
0
Convert -5 (base 9) to base 7.
-5
Convert -1103 (base 6) to base 15.
-120
Convert 2 (base 7) to base 12.
2
11 (base 9) to base 7
13
2 (base 10) to base 12
2
Convert -2 (base 10) to base 3.
-2
Convert -212 (base 3) to base 14.
-19
What is 6 (base 12) in base 4?
12
What is -13 (base 4) in base 15?
-7
Convert -31 (base 6) to base 15.
-14
1000 (base 4) to base 16
40
-2013 (base 4) to base 3
-12000
Convert 24 (base 5) to base 7.
20
-650 (base 7) to base 3
-110012
102221 (base 3) to base 5
2242
-250 (base 6) to base 8
-146
231 (base 10) to base 15
106
-41 (base 6) to base 10
-25
What is -4 (base 15) in base 10?
-4
What is -4 (base 7) in base 13?
-4
What is -10010 (base 2) in base 14?
-14
0 (base 2) to base 3
0
Convert 10 (base 3) to base 5.
3
What is 1 (base 16) in base 13?
1
Convert 15 (base 10) to base 8.
17
Convert 34 (base 8) to base 3.
1001
2 (base 5) to base 12
2
What is 3 (base 14) in base 7?
3
a (base 16) to base 13
a
2 (base 3) to base 15
2
What is -68 (base 11) in base 16?
-4a
32 (base 9) to base 10
29
Convert -1 (base 14) to base 2.
-1
-1 (base 12) to base 4
-1
Convert 6a (base 13) to base 7.
154
Convert 4 (base 6) to base 12.
4
Convert -24 (base 8) to base 6.
-32
-10 (base 4) to base 7
-4
What is 1001 (base 2) in base 9?
10
-9 (base 15) to base 3
-100
-140 (base 5) to base 11
-41
-3 (base 9) to base 2
-11
0 (base 7) to base 10
0
What is 7 (base 8) in base 10?
7
202 (base 3) to base 13
17
Convert -3 (base 16) to base 11.
-3
What is -58 (base 13) in base 10?
-73
5 (base 13) to base 16
5
1 (base 5) to base 6
1
Convert 16 (base 12) to base 2.
10010
What is 0 (base 12) in base 13?
0
Convert -4 (base 14) to base 6.
-4
What is -101202 (base 3) in base 13?
-194
-10000 (base 2) to base 8
-20
Convert -102 (base 12) to base 14.
-a6
Convert -6 (base 8) to base 5.
-11
Convert 3b (base 13) to base 4.
302
Convert 4 (base 9) to base 6.
4
Convert 23 (base 5) to base 6.
21
2 (base 12) to base 4
2
13 (base 6) to base 5
14
Convert -2 (base 11) to base 5.
-2
Convert 12 (base 5) to base 11.
7
-22 (base 5) to base 14
-c
What is -218 (base 10) in base 3?
-22002
-7 (base 8) to base 16
-7
What is -25 (base 16) in base 11?
-34
What is 32 (base 11) in base 8?
43
-8 (base 13) to base 5
-13
What is -3 (base 14) in base 7?
-3
-10001011 (base 2) to base 16
-8b
-45 (base 7) to base 8
-41
What is -49 (base 11) in base 10?
-53
Convert 2 (base 4) to base 6.
2
-2 (base 16) to base 3
-2
1323 (base 4) to base 11
102
2 (base 8) to base 3
2
-10 (base 3) to base 16
-3
What is 12b (base 12) in base 16?
b3
-13 (base 15) to base 9
-20
What is -313 (base 4) in base 15?
-3a
What is -1002 (base 4) in base 10?
-66
Convert 10 (base 2) to base 3.
2
0 (base 9) to base 8
0
Convert 22 (base 12) to base 11.
24
What is 34 (base 9) in base 5?
111
Convert 100 (base 2) to base 15.
4
What is a (base 14) in base 8?
12
What is 59 (base 10) in base 3?
2012
Convert -3 (base 11) to base 4.
-3
88 (base 9) to base 15
55
Convert -21 (base 7) to base 9.
-16
What is 168 (base 12) in base 14?
120
-111 (base 7) to base 15
-3c
Convert -2a3 (base 11) to base 15.
-18a
-6 (base 9) to base 6
-10
Convert -120 (base 8) to base 12.
-68
What is 3 (base 15) in base 12?
3
-314 (base 5) to base 4
-1110
-10 (base 6) to base 4
-12
Convert 201 (base 3) to base 15.
14
112 (base 3) to base 8
16
What is 44 (base 15) in base 10?
64
What is 1000 (base 2) in base 3?
22
Convert -1 (base 2) to base 3.
-1
What is 220 (base 4) in base 16?
28
What is -2 (base 11) in base 14?
-2
1110001 (base 2) to base 13
89
What is -4 (base 13) in base 2?
-100
What is -21 (base 10) in base 13?
-18
Convert -37 (base 10) to base 12.
-31
Convert -8 (base 12) to base 16.
-8
-11 (base 2) to base 6
-3
-8 (base 15) to base 10
-8
-24 (base 5) to base 11
-13
Convert 107 (base 12) to base 14.
ab
-1 (base 5) to base 10
-1
Convert 2 (base 4) to base 5.
2
What is 123 (base 4) in base 16?
1b
-2 (base 8) to base 14
-2
9 (base 10) to base 16
9
What is -7d (base 15) in base 5?
-433
What is -130 (base 8) in base 2?
-1011000
Convert -3 (base 7) to base 11.
-3
1104 (base 5) to base 13
bb
What is -63 (base 7) in base 15?
-30
-222 (base 4) to base 11
-39
What is 158 (base 9) in base 11?
112
-11 (base 4) to base 11
-5
What is 4 (base 5) in base 16?
4
334 (base 5) to base 8
136
Convert -3 (base 14) to base 7.
-3
0 (base 5) to base 10
0
What is -6 (base 13) in base 10?
-6
22 (base 3) to base 5
13
-177 (base 8) to base 3
-11201
2 (base 3) to base 2
10
What is -28 (base 13) in base 12?
-2a
40 (base 7) to base 16
1c
What is -10 (base 4) in base 6?
-4
Convert -1 (base 9) to base 2.
-1
Convert -41 (base 14) to base 11.
-52
Convert 4 (base 5) to base 4.
10
What is 7 (base 13) in base 9?
7
-15 (base 13) to base 11
-17
Convert 231 (base 7) to base 5.
440
Convert -10 (base 4) to base 13.
-4
3b (base 13) to base 12
42
What is -1 (base 7) in base 12?
-1
-1 (base 9) to base 15
-1
What is 101 (base 2) in base 13?
5
Convert -35 (base 6) to base 4.
-113
223 (base 4) to base 3
1121
1 (base 2) to base 7
1
14 (base 12) to base 14
12
Convert 5 (base 13) to base 16.
5
Convert 0 (base 12) to base 15.
0
What is -15 (base 11) in base 6?
-24
21 (base 5) to base 12
b
-34 (base 13) to base 15
-2d
What is 1 (base 7) in base 2?
1
What is -10 (base 4) in base 6?
-4
Convert 1101000 (base 2) to base 5.
404
What is 1 (base 9) in base 13?
1
Conver